{"id":225,"date":"2012-12-20T11:54:50","date_gmt":"2012-12-20T10:54:50","guid":{"rendered":"http:\/\/sophiebarret.fr\/?page_id=225"},"modified":"2018-03-06T16:57:46","modified_gmt":"2018-03-06T15:57:46","slug":"refection","status":"publish","type":"page","link":"https:\/\/sophiebarret.fr\/?page_id=225","title":{"rendered":"R\u00e9fection de si\u00e8ges"},"content":{"rendered":"<p><span style=\"font-size: medium; color: #333333;\"><span style=\"font-size: large;\"><strong>Sp\u00e9cialiste de la restauration de fauteuils, Atelier Sophie Barret, tapissier, est artisan d&rsquo;art dans l&rsquo;agglom\u00e9ration tourangelle.<br \/>\n<\/strong><\/span><\/span><\/p>\n<p><span style=\"font-size: medium; color: #333333;\"><span style=\"font-size: large;\"><strong><img decoding=\"async\" loading=\"lazy\" class=\"aligncenter wp-image-2106 size-medium\" title=\"Assise02\" src=\"http:\/\/sophiebarret.fr\/wp-content\/uploads\/2018\/03\/RefectionFauteuil-300x200.jpg\" alt=\"\" width=\"300\" height=\"200\" srcset=\"https:\/\/sophiebarret.fr\/wp-content\/uploads\/2018\/03\/RefectionFauteuil-300x200.jpg 300w, https:\/\/sophiebarret.fr\/wp-content\/uploads\/2018\/03\/RefectionFauteuil-768x512.jpg 768w, https:\/\/sophiebarret.fr\/wp-content\/uploads\/2018\/03\/RefectionFauteuil-1024x683.jpg 1024w\" sizes=\"(max-width: 300px) 100vw, 300px\" \/><\/strong><\/span><\/span><\/p>\n<p>Dans votre gamme de prix, nous d\u00e9cidons ensemble des am\u00e9liorations \u00e0 apporter \u00e0 votre si\u00e8ge.<\/p>\n<p><span style=\"color: #003366;\"><strong><span style=\"font-size: 14pt;\">R\u00e9nover<\/span><br \/>\n<\/strong><\/span><\/p>\n<p>La garniture,\u00a0 moderne ou traditionnelle, est faite de mat\u00e9riaux et de techniques diff\u00e9rentes qui ajustent le confort d&rsquo;assise.<\/p>\n<p><span style=\"font-size: 14pt; color: #008080;\"><strong>Embellir<\/strong> <\/span><\/p>\n<p>Un si\u00e8ge de qualit\u00e9 rend la d\u00e9coration de votre int\u00e9rieur inimitable.<\/p>\n<p>Envie d&rsquo;un velours classique?&#8230; d&rsquo;un imprim\u00e9 d\u00e9jant\u00e9? Les choix de mati\u00e8res, de couleurs et du toucher cr\u00e9ent l&rsquo;ambiance que vous aimez.<\/p>\n<p>Nous travaillons avec des maisons d&rsquo;\u00e9ditions de tissus renomm\u00e9es.<\/p>\n<p><span style=\"font-size: 14pt;\"><span style=\"color: #333399;\"><strong>Respecter<\/strong><\/span><\/span><\/p>\n<p>Chaque si\u00e8ge est examin\u00e9 pour effectuer un devis sur-mesure.<\/p>\n<p><span style=\"font-size: 14pt;\"><span style=\"color: #333333;\"><a href=\"http:\/\/sophiebarret.fr\/wp-content\/uploads\/2012\/12\/RessortGuinde1.jpg\"><span style=\"color: #333333;\"><img decoding=\"async\" loading=\"lazy\" class=\"alignright size-medium wp-image-191\" title=\"RessortGuinde\" src=\"http:\/\/sophiebarret.fr\/wp-content\/uploads\/2012\/12\/RessortGuinde1-300x225.jpg\" alt=\"\" width=\"300\" height=\"225\" srcset=\"https:\/\/sophiebarret.fr\/wp-content\/uploads\/2012\/12\/RessortGuinde1-300x225.jpg 300w, https:\/\/sophiebarret.fr\/wp-content\/uploads\/2012\/12\/RessortGuinde1-150x112.jpg 150w, https:\/\/sophiebarret.fr\/wp-content\/uploads\/2012\/12\/RessortGuinde1.jpg 600w\" sizes=\"(max-width: 300px) 100vw, 300px\" \/><\/span><\/a><\/span><\/span>Nous travaillons en relation avec un \u00e9b\u00e9niste si le si\u00e8ge n\u00e9cessite des r\u00e9parations.<\/p>\n<p style=\"padding-left: 240px;\"><span style=\"font-size: medium; color: #333333;\"><br \/>\n<\/span><\/p>\n<p><span style=\"font-size: medium; color: #333399;\">Des questions ? <\/span><span style=\"font-size: medium;\">envoyez un mail \u00a0 <a id=\"contacter\" title=\"Contacter moi\" href=\".\/?page_id=219\"><img decoding=\"async\" loading=\"lazy\" src=\"\/wp-content\/themes\/MYgRID\/images\/mail.png\" alt=\"\" width=\"56\" height=\"40\" \/><\/a><\/span><\/p>\n<p><span style=\"color: #333333;\"><span style=\"font-size: medium;\"><span style=\"font-size: small;\">L&rsquo;atelier se situe entre Tours et Loches, \u00e0 Cour\u00e7ay. Il est reconnu<\/span> QUALIT\u00c9 ARTISAN <span style=\"font-size: small;\">par la Chambre des M\u00e9tiers d&rsquo;Indre-et-Loire.<\/span><\/span><br \/>\n<\/span><\/p>\n<p><span style=\"font-size: medium; color: #3366ff;\"><strong>Quelques partenaires :<\/strong><\/span><\/p>\n<p><a href=\"http:\/\/www.pierrefrey.com\" target=\"_blank\" rel=\"noopener\"><img decoding=\"async\" loading=\"lazy\" class=\"alignnone wp-image-836 size-thumbnail\" src=\"http:\/\/sophiebarret.fr\/wp-content\/uploads\/2012\/12\/Petit01_logotype_pierre_frey-HD-150x150.jpeg\" alt=\"Petit01_logotype_pierre_frey HD\" width=\"150\" height=\"150\" srcset=\"https:\/\/sophiebarret.fr\/wp-content\/uploads\/2012\/12\/Petit01_logotype_pierre_frey-HD-150x150.jpeg 150w, https:\/\/sophiebarret.fr\/wp-content\/uploads\/2012\/12\/Petit01_logotype_pierre_frey-HD-300x300.jpeg 300w, https:\/\/sophiebarret.fr\/wp-content\/uploads\/2012\/12\/Petit01_logotype_pierre_frey-HD.jpeg 600w\" sizes=\"(max-width: 150px) 100vw, 150px\" \/><\/a> <a href=\"http:\/\/www.osborneandlittle.com\/\" target=\" blank\"><img decoding=\"async\" loading=\"lazy\" class=\"alignnone size-thumbnail wp-image-932\" src=\"http:\/\/sophiebarret.fr\/wp-content\/uploads\/2012\/12\/OsborneLittle_logo_brown.jpg1-150x150.png\" alt=\"Osborne&amp;Little_logo_brown.jpg\" width=\"90\" height=\"90\" srcset=\"https:\/\/sophiebarret.fr\/wp-content\/uploads\/2012\/12\/OsborneLittle_logo_brown.jpg1-150x149.png 150w, https:\/\/sophiebarret.fr\/wp-content\/uploads\/2012\/12\/OsborneLittle_logo_brown.jpg1.png 151w\" sizes=\"(max-width: 90px) 100vw, 90px\" \/><\/a><a href=\"https:\/\/www.lelievreparis.com\"><img decoding=\"async\" loading=\"lazy\" class=\"wp-image-2086 alignleft\" src=\"http:\/\/sophiebarret.fr\/wp-content\/uploads\/2018\/03\/logo_lelievre.jpg\" alt=\"\" width=\"110\" height=\"33\" \/><\/a><\/p>\n<p>&nbsp;<\/p>\n<p>&nbsp;<\/p>\n<p>&nbsp;<\/p>\n<p><a href=\"http:\/\/www.clarke-clarke.co.uk\" target=\"_blank\" rel=\"noopener\"><span style=\"font-size: medium; font-family: comic sans ms,sans-serif;\">CLARKE&amp;CLARKE<\/span>\u00a0<\/a><\/p>\n<p><span style=\"font-size: medium; font-family: comic sans ms,sans-serif;\"><a href=\"http:\/\/www.casamance.fr\" target=\"_blank\" rel=\"noopener\">CASAMANCE<\/a><\/span><\/p>\n<p><span style=\"font-size: medium; font-family: comic sans ms,sans-serif;\"> <a href=\"http:\/\/www.casal.fr\/\" target=\"_blank\" rel=\"noopener\">Casal <\/a><\/span><\/p>\n<p>&nbsp;<\/p>\n","protected":false},"excerpt":{"rendered":"<p>Sp\u00e9cialiste de la restauration de fauteuils, Atelier Sophie Barret, tapissier, est artisan d&rsquo;art dans l&rsquo;agglom\u00e9ration tourangelle. Dans votre gamme de prix, nous d\u00e9cidons ensemble des am\u00e9liorations \u00e0 apporter \u00e0 votre si\u00e8ge. R\u00e9nover La garniture,\u00a0 moderne ou traditionnelle, est faite de mat\u00e9riaux et de techniques diff\u00e9rentes qui ajustent le confort d&rsquo;assise. Embellir Un si\u00e8ge de qualit\u00e9 &hellip; <\/p>\n<p class=\"link-more\"><a href=\"https:\/\/sophiebarret.fr\/?page_id=225\" class=\"more-link\">Continuer la lecture<span class=\"screen-reader-text\"> de &laquo;&nbsp;R\u00e9fection de si\u00e8ges&nbsp;&raquo;<\/span><\/a><\/p>\n","protected":false},"author":1,"featured_media":2067,"parent":0,"menu_order":0,"comment_status":"closed","ping_status":"closed","template":"","meta":[],"_links":{"self":[{"href":"https:\/\/sophiebarret.fr\/index.php?rest_route=\/wp\/v2\/pages\/225"}],"collection":[{"href":"https:\/\/sophiebarret.fr\/index.php?rest_route=\/wp\/v2\/pages"}],"about":[{"href":"https:\/\/sophiebarret.fr\/index.php?rest_route=\/wp\/v2\/types\/page"}],"author":[{"embeddable":true,"href":"https:\/\/sophiebarret.fr\/index.php?rest_route=\/wp\/v2\/users\/1"}],"replies":[{"embeddable":true,"href":"https:\/\/sophiebarret.fr\/index.php?rest_route=%2Fwp%2Fv2%2Fcomments&post=225"}],"version-history":[{"count":128,"href":"https:\/\/sophiebarret.fr\/index.php?rest_route=\/wp\/v2\/pages\/225\/revisions"}],"predecessor-version":[{"id":2112,"href":"https:\/\/sophiebarret.fr\/index.php?rest_route=\/wp\/v2\/pages\/225\/revisions\/2112"}],"wp:featuredmedia":[{"embeddable":true,"href":"https:\/\/sophiebarret.fr\/index.php?rest_route=\/wp\/v2\/media\/2067"}],"wp:attachment":[{"href":"https:\/\/sophiebarret.fr\/index.php?rest_route=%2Fwp%2Fv2%2Fmedia&parent=225"}],"curies":[{"name":"wp","href":"https:\/\/api.w.org\/{rel}","templated":true}]}}

Réfection de sièges

<p><span style="font-size: medium; color: #333333;"><span style="font-size: large;"><strong>Spécialiste de la restauration de fauteuils, Atelier Sophie Barret, tapissier, est artisan d&rsquo;art dans l&rsquo;agglomération tourangelle.<br />
</strong></span></span></p>
<p><span style="font-size: medium; color: #333333;"><span style="font-size: large;"><strong><img decoding="async" loading="lazy" class="aligncenter wp-image-2106 size-medium" title="Assise02" src="http://sophiebarret.fr/wp-content/uploads/2018/03/RefectionFauteuil-300x200.jpg" alt="" width="300" height="200" srcset="https://sophiebarret.fr/wp-content/uploads/2018/03/RefectionFauteuil-300x200.jpg 300w, https://sophiebarret.fr/wp-content/uploads/2018/03/RefectionFauteuil-768x512.jpg 768w, https://sophiebarret.fr/wp-content/uploads/2018/03/RefectionFauteuil-1024x683.jpg 1024w" sizes="(max-width: 300px) 100vw, 300px" /></strong></span></span></p>
<p>Dans votre gamme de prix, nous décidons ensemble des améliorations à apporter à votre siège.</p>
<p><span style="color: #003366;"><strong><span style="font-size: 14pt;">Rénover</span><br />
</strong></span></p>
<p>La garniture,  moderne ou traditionnelle, est faite de matériaux et de techniques différentes qui ajustent le confort d&rsquo;assise.</p>
<p><span style="font-size: 14pt; color: #008080;"><strong>Embellir</strong> </span></p>
<p>Un siège de qualité rend la décoration de votre intérieur inimitable.</p>
<p>Envie d&rsquo;un velours classique?&#8230; d&rsquo;un imprimé déjanté? Les choix de matières, de couleurs et du toucher créent l&rsquo;ambiance que vous aimez.</p>
<p>Nous travaillons avec des maisons d&rsquo;éditions de tissus renommées.</p>
<p><span style="font-size: 14pt;"><span style="color: #333399;"><strong>Respecter</strong></span></span></p>
<p>Chaque siège est examiné pour effectuer un devis sur-mesure.</p>
<p><span style="font-size: 14pt;"><span style="color: #333333;"><a href="http://sophiebarret.fr/wp-content/uploads/2012/12/RessortGuinde1.jpg"><span style="color: #333333;"><img decoding="async" loading="lazy" class="alignright size-medium wp-image-191" title="RessortGuinde" src="http://sophiebarret.fr/wp-content/uploads/2012/12/RessortGuinde1-300x225.jpg" alt="" width="300" height="225" srcset="https://sophiebarret.fr/wp-content/uploads/2012/12/RessortGuinde1-300x225.jpg 300w, https://sophiebarret.fr/wp-content/uploads/2012/12/RessortGuinde1-150x112.jpg 150w, https://sophiebarret.fr/wp-content/uploads/2012/12/RessortGuinde1.jpg 600w" sizes="(max-width: 300px) 100vw, 300px" /></span></a></span></span>Nous travaillons en relation avec un ébéniste si le siège nécessite des réparations.</p>
<p style="padding-left: 240px;"><span style="font-size: medium; color: #333333;"><br />
</span></p>
<p><span style="font-size: medium; color: #333399;">Des questions ? </span><span style="font-size: medium;">envoyez un mail   <a id="contacter" title="Contacter moi" href="./?page_id=219"><img decoding="async" loading="lazy" src="/wp-content/themes/MYgRID/images/mail.png" alt="" width="56" height="40" /></a></span></p>
<p><span style="color: #333333;"><span style="font-size: medium;"><span style="font-size: small;">L&rsquo;atelier se situe entre Tours et Loches, à Courçay. Il est reconnu</span> QUALITÉ ARTISAN <span style="font-size: small;">par la Chambre des Métiers d&rsquo;Indre-et-Loire.</span></span><br />
</span></p>
<p><span style="font-size: medium; color: #3366ff;"><strong>Quelques partenaires :</strong></span></p>
<p><a href="http://www.pierrefrey.com" target="_blank" rel="noopener"><img decoding="async" loading="lazy" class="alignnone wp-image-836 size-thumbnail" src="http://sophiebarret.fr/wp-content/uploads/2012/12/Petit01_logotype_pierre_frey-HD-150x150.jpeg" alt="Petit01_logotype_pierre_frey HD" width="150" height="150" srcset="https://sophiebarret.fr/wp-content/uploads/2012/12/Petit01_logotype_pierre_frey-HD-150x150.jpeg 150w, https://sophiebarret.fr/wp-content/uploads/2012/12/Petit01_logotype_pierre_frey-HD-300x300.jpeg 300w, https://sophiebarret.fr/wp-content/uploads/2012/12/Petit01_logotype_pierre_frey-HD.jpeg 600w" sizes="(max-width: 150px) 100vw, 150px" /></a> <a href="http://www.osborneandlittle.com/" target=" blank"><img decoding="async" loading="lazy" class="alignnone size-thumbnail wp-image-932" src="http://sophiebarret.fr/wp-content/uploads/2012/12/OsborneLittle_logo_brown.jpg1-150x150.png" alt="Osborne&amp;Little_logo_brown.jpg" width="90" height="90" srcset="https://sophiebarret.fr/wp-content/uploads/2012/12/OsborneLittle_logo_brown.jpg1-150x149.png 150w, https://sophiebarret.fr/wp-content/uploads/2012/12/OsborneLittle_logo_brown.jpg1.png 151w" sizes="(max-width: 90px) 100vw, 90px" /></a><a href="https://www.lelievreparis.com"><img decoding="async" loading="lazy" class="wp-image-2086 alignleft" src="http://sophiebarret.fr/wp-content/uploads/2018/03/logo_lelievre.jpg" alt="" width="110" height="33" /></a></p>
<p>&nbsp;</p>
<p>&nbsp;</p>
<p>&nbsp;</p>
<p><a href="http://www.clarke-clarke.co.uk" target="_blank" rel="noopener"><span style="font-size: medium; font-family: comic sans ms,sans-serif;">CLARKE&amp;CLARKE</span> </a></p>
<p><span style="font-size: medium; font-family: comic sans ms,sans-serif;"><a href="http://www.casamance.fr" target="_blank" rel="noopener">CASAMANCE</a></span></p>
<p><span style="font-size: medium; font-family: comic sans ms,sans-serif;"> <a href="http://www.casal.fr/" target="_blank" rel="noopener">Casal </a></span></p>
<p>&nbsp;</p>

<p>Spécialiste de la restauration de fauteuils, Atelier Sophie Barret, tapissier, est artisan d&rsquo;art dans l&rsquo;agglomération tourangelle. Dans votre gamme de prix, nous décidons ensemble des améliorations à apporter à votre siège. Rénover La garniture,  moderne ou traditionnelle, est faite de matériaux et de techniques différentes qui ajustent le confort d&rsquo;assise. Embellir Un siège de qualité &hellip; </p>
<p class="link-more"><a href="https://sophiebarret.fr/?page_id=225" class="more-link">Continuer la lecture<span class="screen-reader-text"> de &laquo;&nbsp;Réfection de sièges&nbsp;&raquo;</span></a></p>
